30 (base 16) to base 9
-165156
Convert -5d4177 (base 16) to base 7.
-102643045
What is 50a7242 (base 11) in base 3?
121221221122012
What is -1b353c (base 15) in base 11?
-827460
What is 1104324243 (base 5) in base 4?
21032030220
What is 556219 (base 10) in base 14?
1069bd
103457 (base 9) to base 5
3432422
Convert 1928777 (base 11) to base 10.
3261881
What is -2207a41 (base 11) in base 5?
-1443011141
Convert -102010222222112 (base 3) to base 2.
-10110100110011011011010
-31406 (base 14) to base 11
-81274
What is 2b2a9ba (base 12) in base 13?
1a80654
14471 (base 14) to base 12
25117
4022013204 (base 5) to base 15
a80a39
-38035 (base 15) to base 7
-1343435
What is 682e (base 15) in base 6?
250142
-4223040402 (base 5) to base 7
-134536311
What is 46b85 (base 12) in base 8?
271425
Convert -132a3 (base 13) to base 2.
-1000101100100111
Convert -12113122 (base 4) to base 13.
-bb39
What is 130b396 (base 13) in base 8?
26603255
Convert 100101011011001011 (base 2) to base 16.
256cb
Convert -3311236 (base 8) to base 2.
-11011001001010011110
What is -78705 (base 11) in base 8?
-336503
-5038207 (base 9) to base 6
-133300441
-46056 (base 10) to base 15
-d9a6
Convert 100000000011100100100011 (base 2) to base 14.
118a591
Convert -10110000100011110 (base 2) to base 9.
-147002
1000101101111011110 (base 2) to base 12
119392
Convert -70f61 (base 16) to base 2.
-1110000111101100001
What is 1b1353a (base 12) in base 13?
1264180
Convert -20100022201 (base 3) to base 8.
-363736
Convert a35b (base 14) to base 11.
1a134
What is f40e9 (base 16) in base 6?
33232013
Convert -1571395 (base 12) to base 11.
-251aa29
133333320 (base 5) to base 7
5544650
What is -1ca0 (base 15) in base 5?
-144400
What is -123416050 (base 7) in base 10?
-7836556
What is -23101332 (base 5) in base 8?
-623203
What is 62caa (base 13) in base 4?
223130020
Convert 15feb (base 16) to base 2.
10101111111101011
Convert -2310443412 (base 5) to base 13.
-10c0cc7
-496b1 (base 12) to base 5
-11140433
Convert 16a1b80 (base 12) to base 9.
8737106
Convert -10110101011010010 (base 2) to base 12.
-45902
Convert -5544505 (base 10) to base 2.
-10101001001101000111001
What is -10011011110001 (base 2) in base 5?
-304334
What is 79701 (base 10) in base 6?
1412553
What is -52181 (base 14) in base 4?
-300103311
Convert 2021611 (base 7) to base 10.
240745
What is -200325034 (base 6) in base 15?
-46d504
-12222010121 (base 3) to base 7
-666316
11121115 (base 6) to base 13
ba653
Convert -8374 (base 16) to base 11.
-23313
-102142 (base 7) to base 14
-6592
What is 71903 (base 16) in base 14?
c1735
47671 (base 12) to base 4
113123311
Convert 1230234 (base 8) to base 9.
567505
-3443043 (base 6) to base 3
-22222201000
-1052221 (base 7) to base 2
-11111110110010101
Convert 111010010200 (base 3) to base 5.
31230130
2028669 (base 12) to base 3
102100021011000
What is 22301210300 (base 4) in base 12?
b42668
What is -1001311 (base 7) in base 14?
-310b1
-212111255 (base 6) to base 3
-21001002212222
What is 6705364 (base 8) in base 7?
21225343
-81fca (base 16) to base 13
-15845b
Convert -101342322 (base 5) to base 6.
-12545154
100111001000111000 (base 2) to base 14
425cc
Convert -89885 (base 10) to base 6.
-1532045
What is -11102222212 (base 3) in base 2?
-10101010110110100
What is -a27461 (base 15) in base 4?
-131130223000
41573 (base 12) to base 7
504132
What is 2b01910 (base 12) in base 10?
8712156
-2528126 (base 9) to base 4
-11100032202
What is 1000011001101100011000001 (base 2) in base 4?
1003031203001
What is 13121312 (base 4) in base 16?
7676
4842980 (base 10) to base 16
49e5e4
-751548 (base 9) to base 2
-1101101001101011110
-102410 (base 6) to base 10
-8358
4242658 (base 9) to base 3
11021102201222
Convert -20341504 (base 7) to base 13.
-47a39a
What is 235599 (base 10) in base 8?
714117
Convert -6c6799 (base 13) to base 11.
-1506153
Convert 8cb2 (base 15) to base 2.
111010010101011
Convert 67aaa (base 16) to base 10.
424618
-210516 (base 7) to base 11
-25286
Convert -2792315 (base 10) to base 15.
-3a2545
Convert 2055614 (base 7) to base 10.
249323
What is 4222525 (base 6) in base 2?
110010001001010101
What is -2a03935 (base 11) in base 5?
-2310040002
Convert 245507 (base 9) to base 6.
3103011
Convert -415167 (base 8) to base 10.
-137847
What is -658660 (base 13) in base 10?
-2389231
Convert -251228 (base 9) to base 10.
-151820
-150c34 (base 14) to base 13
-1c841c
Convert -305974b (base 12) to base 6.
-522324535
738b5 (base 13) to base 15
4197d
Convert -504205 (base 7) to base 12.
-4159a
What is 455a6 (base 12) in base 9?
150710
What is 26664 (base 7) in base 3?
100212200
2210322030 (base 4) to base 12
286a90
What is 2a8545 (base 16) in base 13?
7674c1
What is -3a51 (base 13) in base 4?
-2002123
-199b0 (base 14) to base 2
-1111111000000110
What is 241168 (base 11) in base 10?
382192
Convert -126661 (base 7) to base 11.
-17042
Convert 12222310 (base 5) to base 11.
80070
2a1925 (base 11) to base 2
1110010111110101111
What is 15066310 (base 7) in base 13?
3b0215
Convert -1304011 (base 8) to base 14.
-96173
What is 20301132132 (base 4) in base 11?
1330973
1020222111200 (base 3) to base 9
1228450
Convert -223202 (base 5) to base 4.
-1323313
What is -378aa5 (base 12) in base 9?
-1632188
What is 12333420 (base 6) in base 10?
401268
What is -25a062 (base 13) in base 3?
-1201002202221
What is -250446 (base 8) in base 16?
-15126
-1043117 (base 9) to base 8
-2105541
-9823 (base 14) to base 4
-12122313
-10100010001111111 (base 2) to base 5
-10124241
Convert 231223112 (base 4) to base 3.
100111122102
What is 24503543 (base 6) in base 8?
2777467
What is -128428 (base 12) in base 6?
-10310452
27ff75 (base 16) to base 3
11221011202020
1541033 (base 7) to base 10
211655
bb5b (base 15) to base 6
503422
-2120132212 (base 4) to base 5
-124441200
What is -788b1 (base 12) in base 11?
-aa452
Convert -11ba371 (base 13) to base 14.
-a410dc
-5a544c (base 14) to base 11
-1819a49
What is -441352035 (base 6) in base 16?
-78c677
e488 (base 16) to base 3
2222020211
Convert -2003122 (base 4) to base 16.
-20da
What is -72604 (base 13) in base 2?
-110010001000011011
What is -2330543 (base 6) in base 4?
-131132133
What is -5410532 (base 6) in base 13?
-94034
-13971 (base 11) to base 10
-19801
What is -c92230 (base 13) in base 9?
-8778864
What is 3320566 (base 10) in base 14?
626194
Convert 2122210 (base 10) to base 2.
1000000110000111100010
What is -11120201122010 (base 3) in base 6?
-124110350
What is -67a62 (base 12) in base 15?
-2ad6b
-174209a (base 12) to base 10
-4814326
Convert 60366 (base 8) to base 10.
24822
Convert -2313413034 (base 5) to base 4.
-103321212010
-254b1 (base 12) to base 8
-143205
Convert -13246501 (base 7) to base 4.
-10222111330
What is 456111 (base 8) in base 2?
100101110001001001
-32033122 (base 4) to base 6
-1130014
What is -100001111011111100 (base 2) in base 7?
-1116155
-2200265 (base 7) to base 9
-450062
Convert -3525703 (base 12) to base 13.
-217cc05
f81c3 (base 16) to base 10
1016259
What is 93b6b (base 13) in base 15?
53a5d
13b8854 (base 12) to base 11
2275a37
dd326 (base 15) to base 11
43aa59
Convert -354116 (base 8) to base 13.
-4305a
What is 111111100111110111111 (base 2) in base 3?
10220220210210
What is -1ce65 (base 16) in base 11?
-80a32
-21002220111 (base 3) to base 16
-2227c
29a72b (base 13) to base 4
3321231221
40446 (base 12) to base 13
2c06a
What is 4605052 (base 11) in base 4?
132233211332
21101113112 (base 4) to base 15
3301d2
What is -44000111 (base 5) in base 13?
-101917
-220121012213 (base 4) to base 2
-101000011001000110100111
-39d8c (base 16) to base 12
-b5150
What is 6a30b (base 12) in base 5?
14022024
286d3a (base 16) to base 9
4877260
Convert 2032113 (base 6) to base 9.
157880
245432123 (base 6) to base 4
102013013103
Convert -2324554 (base 7) to base 4.
-1013111101
What is -6d75d (base 14) in base 9?
-447088
Convert a86dd0 (base 14) to base 8.
25606072
Convert 22013001123 (base 4) to base 6.
132445243
622428 (base 9) to base 16
5a248
What is -7145a (base 12) in base 7?
-1153051
-798a71 (base 12) to base 2
-111011010100011110101
Convert 1a6226 (base 12) to base 14.
c2206
110120 (base 4) to base 8
2430
What is 27849 (base 10) in base 9?
42173
What is 1111011000011110111101 (base 2) in base 14?
76d79b
Con